 prime number?
False
Is 66413 a composite number?
False
Is 16723 a composite number?
True
Is 14131 composite?
True
Is 733549 prime?
False
Is 16301 a composite number?
False
Is 810881 a prime number?
True
Is 187819 a composite number?
True
Is 289573 composite?
False
Is 175889 a prime number?
False
Is 14959 prime?
False
Is 108349 composite?
True
Is 105681 a composite number?
True
Is 13033 a prime number?
True
Is 11213 a composite number?
False
Is 20411 a composite number?
False
Is 199631 a prime number?
False
Is 863 prime?
True
Is 37645 prime?
False
Is 126598 prime?
False
Is 72269 a composite number?
False
Is 76939 a composite number?
True
Is 59743 a prime number?
True
Is 16771 a composite number?
True
Is 39499 composite?
False
Is 1581226 composite?
True
Is 388097 prime?
False
Is 433043 prime?
False
Is 17378 a composite number?
True
Is 14095 a composite number?
True
Is 148849 a composite number?
True
Is 1184653 a composite number?
False
Is 2741 a prime number?
True
Is 2179 a composite number?
False
Is 156911 a prime number?
False
Is 2722 a prime number?
False
Is 22361 prime?
False
Is 1383 a prime number?
False
Is 62641 a prime number?
False
Is 39713 a prime number?
False
Is 262147 a prime number?
True
Is 23209 a composite number?
False
Is 183797 composite?
False
Is 152509 prime?
False
Is 7711 a composite number?
True
Is 55057 a composite number?
False
Is 305587 a prime number?
False
Is 337011 composite?
True
Is 90754 composite?
True
Is 550083 a prime number?
False
Is 25247 a prime number?
True
Is 87727 composite?
True
Is 1655 a prime number?
False
Is 6043 composite?
False
Is 3489 prime?
False
Is 12319 composite?
True
Is 136639 prime?
False
Is 15578 prime?
False
Is 358 composite?
True
Is 72251 composite?
False
Is 45683 composite?
True
Is 4331 prime?
False
Is 3711 a prime number?
False
Is 29201 a composite number?
False
Is 119281 composite?
True
Is 19889 prime?
True
Is 6689 prime?
True
Is 4695439 a prime number?
False
Is 449 prime?
True
Is 29254 a composite number?
True
Is 908045 a prime number?
False
Is 21701 a composite number?
False
Is 1423 a composite number?
False
Is 80897 a prime number?
True
Is 1036223 prime?
True
Is 23399 a prime number?
True
Is 2051 prime?
False
Is 356657 prime?
False
Is 72337 a prime number?
True
Is 351703 a prime number?
False
Is 22651 prime?
True
Is 232077 composite?
True
Is 497137 composite?
False
Is 29077 prime?
True
Is 842011 composite?
True
Is 127 composite?
False
Is 287731 composite?
False
Is 4111 a composite number?
False
Is 2179 a composite number?
False
Is 38039 a composite number?
False
Is 11903 a composite number?
False
Is 4853 a prime number?
False
Is 18041 a composite number?
False
Is 7669 a composite number?
False
Is 1942 a prime number?
False
Is 1995241 a prime number?
False
Is 161 prime?
False
Is 1149503 prime?
True
Is 34997 prime?
False
Is 468619 a prime number?
True
Is 737 a composite number?
True
Is 474289 composite?
False
Is 17851 a composite number?
False
Is 1084505 prime?
False
Is 26318 a prime number?
False
Is 317 a prime number?
True
Is 1399 a prime number?
True
Is 2819 a prime number?
True
Is 65005 prime?
False
Is 3841 a composite number?
True
Is 36377 prime?
False
Is 992699 prime?
False
Is 2099 a composite number?
False
Is 1577309 composite?
False
Is 195877 a prime number?
False
Is 13591 prime?
True
Is 1273771 prime?
True
Is 2719 a composite number?
False
Is 361259 composite?
True
Is 47581 a composite number?
False
Is 1114651 a prime number?
True
Is 787621 a composite number?
False
Is 1418 a prime number?
False
Is 627811 a composite number?
False
Is 50221 composite?
False
Is 9157 a composite number?
False
Is 264631 prime?
True
Is 6406 prime?
False
Is 23965 a prime number?
False
Is 66083 a composite number?
False
Is 10973 a prime number?
True
Is 1289747 prime?
True
Is 995457 prime?
False
Is 15767 a composite number?
False
Is 31847 prime?
True
Is 21629 a composite number?
True
Is 77003 prime?
True
Is 540539 prime?
True
Is 248429 a composite number?
True
Is 635 a prime number?
False
Is 27479 a composite number?
False
Is 695 a composite number?
True
Is 30623 a prime number?
False
Is 7789 composite?
False
Is 174569 composite?
False
Is 239657 a composite number?
True
Is 1855753 a composite number?
True
Is 67583 a prime number?
False
Is 268013 a composite number?
False
Is 60209 composite?
False
Is 125999 a prime number?
False
Is 137161 composite?
True
Is 2852771 composite?
False
Is 18661 a prime number?
True
Is 1073 a composite number?
True
Is 2913533 a composite number?
True
Is 974401 composite?
False
Is 1087 composite?
False
Is 35381 a composite number?
False
Is 4327 a composite number?
False
Is 9613 a prime number?
True
Is 27877 prime?
False
Is 2773 composite?
True
Is 208293 prime?
False
Is 50261 prime?
True
Is 1433467 a composite number?
True
Is 635503 composite?
True
Is 3263 composite?
True
Is 749247 a prime number?
False
Is 4229 a composite number?
False
Is 34066 composite?
True
Is 772061 a prime number?
True
Is 127031 composite?
False
Is 39751 a prime number?
False
Is 147481 composite?
False
Is 9169 composite?
True
Is 115397 prime?
False
Is 10057 composite?
True
Is 1378403 a composite number?
True
Is 161819 a composite number?
True
Is 985867 a composite number?
False
Is 14969 a composite number?
False
Is 54937 a composite number?
True
Is 12157 prime?
True
Is 2343397 a prime number?
False
Is 218171 a prime number?
True
Is 15421 prime?
False
Is 516391 composite?
False
Is 4337 a prime number?
True
Is 1781 composite?
True
Is 43933 a prime number?
True
Is 267629 composite?
False
Is 17377 a composite number?
False
Is 8147 a prime number?
True
Is 331 a prime number?
True
Is 5411 a composite number?
True
Is 2253 a composite number?
True
Is 1244777 prime?
True
Is 178483 prime?
False
Is 593321 prime?
True
Is 28643 a prime number?
True
Is 5447 composite?
True
Is 1022761 prime?
True
Is 83393 prime?
False
Is 5189 a composite number?
False
Is 8069 a composite number?
False
Is 382911 a prime number?
False
Is 1969 a composite number?
True
Is 116026 a composite number?
True
Is 2291 a composite number?
True
Is 41333 prime?
True
Is 65921 prime?
True
Is 13173 a prime number?
False
Is 40627 a composite number?
False
Is 142657 prime?
True
Is 122489 a prime number?
True
Is 39341 a composite number?
False
Is 102713 prime?
False
Is 18295 a prime number?
False
Is 27533 a prime number?
False
Is 94469 prime?
False
Is 3003755 prime?
False
Is 5471 prime?
True
Is 173741 a composite number?
False
Is 8143 a composite number?
True
Is 2983 a prime number?
False
Is 6727069 prime?
True
Is 7669 a composite number?
False
Is 11959 prime?
True
Is 43379 composite?
True
Is 22229 composite?
False
Is 133795 a prime number?
False
Is 69623 a prime number?
True
Is 193073 prime?
True
Is 185677 a prime number?
True
Is 429757 a prime number?
False
Is 16787 a composite number?
False
Is 146 composite?
True
Is 9199 prime?
True
Is 1911961 a composite number?
False
Is 146347 a prime number?
True
Is 28642 prime?
False
Is 18977 a prime number?
False
Is 21923 composite?
True
Is 108179 a prime number?
True
Is 77002 a composite number?
True
Is 9589 composite?
True
Is 475271 composite?
False
Is 311737 composite?
False
Is 1326173 prime?
False
Is 50671 a prime number?
True
Is 691549 composite?
True
Is 51767 a prime number?
True
Is 9529 a composite number?
True
Is 12659 a composite number?
False
Is 3761 composite?
False
Is 72019 prime?
True
Is 3874217 a composite number?
True
Is 1163029 a composite number?
True
Is 75653 a prime number?
True
Is 7555 composite?
True
Is 8263 a prime number?
True
Is 22331 a prime number?
False
Is 118793 composite?
True
Is 11549 a prime number?
True
Is 16057 composite?
False
Is 10405 prime?
False
Is 31343 a composite number?
True
Is 10801 composite?
True
Is 455371 a prime number?
False
Is 30289 composite?
True
Is 50117 a prime number?
False
Is 9169 a prime number?
False
Is 1093097 a prime number?
False
Is 33539 a composite number?
True
Is 9371 a composite number?
False
Is 13781 a prime number?
True
Is 120157 a prime number?
True
Is 1268893 prime?
False
Is 29917 a prime number?
True
Is 496997 a composite number?
False
Is 704699 a composite number?
True
Is 76013 a prime number?
False
Is 1653959 prime?
True
Is 63241 composite?
